d(-2). Suppose -2*q + 3*f + 2581 = i*q, -5*q = f - 2593. What is the greatest common factor of 148 and q?
74
Let m = -2788 - -2988. What is the highest common divisor of 225 and m?
25
Let i = 202 + -199. Suppose -4*b + 23 = -2*c - 31, 3*b = -i*c + 27. Calculate the greatest common factor of b and 36.
12
Let g be -2*6/(-4)*13. Suppose 1468 = 15*y - 287. Calculate the highest common factor of y and g.
39
Let s(v) = -4*v**3 + 3*v. Suppose -33*b = 17 + 115. Let f be s(b). What is the greatest common divisor of f and 61?
61
Let m = 3785 - 3755. Calculate the greatest common factor of m and 114.
6
Let x = -61819 + 61825. Let j = -4 + 2. Let r be j*5/(-2) + -2. What is the greatest common factor of x and r?
3
Suppose -2*f - 229 + 666 = 17*f. Calculate the highest common divisor of 2737 and f.
23
Suppose -28*d + 25*d + 72 = 0. Let q = d + -14. Suppose q*j - 1 - 79 = 0. Calculate the highest common divisor of 1 and j.
1
Suppose 1 = -3*v - 2, 4*w - v = -223. Let m = 620 + w. What is the greatest common divisor of 12 and m?
12
Let r = -556 - -608. Let h be r*((-105)/(-10))/7. Calculate the greatest common factor of 546 and h.
78
Let j(g) = 50*g**2 + g. Let l be j(1). Let p = 9851 + -9647. Calculate the highest common factor of p and l.
51
Let n be 46/6 + 2/6. Let s(a) = -2*a**2 + 29*a - 44. Let f be s(13). Let r be (f/(40/(-384)))/2. What is the highest common factor of r and n?
8
Suppose 23*m + 2*m + 249 - 1199 = 0. Let q = -92 + 149. Calculate the greatest common divisor of q and m.
19
Suppose -94*d = -82*d + 1080. Let v = d - -98. What is the greatest common factor of 32 and v?
8
Suppose -4*i + 4*p + 95 = -37, -2*i - 3*p = -61. Suppose -58 = -9*c + i. Let q be 3*(15/9 - 1). Calculate the greatest common factor of c and q.
2
Let g be 15*(5 - -8) - -1. Suppose 5*p + 2*i = 4*i + 1090, p + 4*i = g. Calculate the highest common divisor of p and 8.
8
Suppose 0 = 3*w - 4*d - 13779, 2*w - 9172 = 5*d - 7*d. Calculate the greatest common factor of 13 and w.
13
Let i be 40*((-2)/(-28))/((-4)/(-14)). Let v = 3 + -9. Let d be v/(-12) - (-3)/2. Calculate the highest common factor of i and d.
2
Let s = -63 - -94. Let t = -461 + 1174. What is the greatest common divisor of s and t?
31
Suppose 3*q + 4*r = 147 + 47, 2*r = 4*q - 222. Let a be (-4)/11*24563/(-14). What is the greatest common factor of q and a?
58
Let d be (9/(-5))/(3/(-15)). Let y(b) = 48*b**2 - 2*b + 3. Let h be y(1). Let u = h - 31. What is the highest common factor of d and u?
9
Let p(g) = -g - 14. Let o(r) = -6*r - 99. Let s(f) = 4*o(f) - 27*p(f). Let d be s(21). Let x = d + -37. Calculate the highest common factor of x and 8.
8
Let t be -2 + ((-139)/(-1) - 1) + 120 + -120. Calculate the highest common factor of t and 34.
34
Let a be 7/((-336)/32) + 209/3. Let p = 185 + -139. Calculate the highest common factor of p and a.
23
Suppose -2*h + 21 = d, 0*d + 4*d - 5*h = 149. Let a be (837/(-3))/(((-75)/(-24))/25*-6). What is the highest common factor of d and a?
31
Let f be 6/288*-16*-52*(0 + 6). Calculate the greatest common factor of f and 2366.
26
Let v = 438 + -171. Let y = v + -183. Calculate the highest common factor of 36 and y.
12
Let t = -1486 + 1556. What is the highest common factor of t and 1652?
14
Let z be 12*((759/396)/((-2)/(-832)))/2. What is the highest common divisor of 832 and z?
208
Let l = 2737 - -1880. What is the greatest common divisor of l and 19?
19
Suppose 0 = 4*l - 365 + 225. Suppose 181 = 18*s - l. Calculate the greatest common factor of 108 and s.
12
Suppose 4*w + w = 4*c - 2085, -4*c - w = -2055. Suppose 5*v - 545 = -l, 6*v + c = 11*v - 5*l. Calculate the greatest common factor of 72 and v.
36
Let j = 123 + -85. Let d = 34 + j. What is the highest common divisor of d and 16?
8
Suppose -18*n + 14874 + 2575 = -2711. What is the highest common factor of 784 and n?
112
Let j be 30/4*216/(-162) - -21. Suppose -3*s + 891 = 3*t - 6*t, 3*s + 4*t = 891. Calculate the greatest common factor of j and s.
11
Suppose -5*d = 2*w - 164, -2*d + 4*d - 70 = -3*w. Suppose 18*a = 2*a + d. What is the highest common divisor of a and 22?
2
Suppose 49 = 10*d - 191. Suppose 20*w + 629 = d*w - 5*q, 3*w - q - 469 = 0. Calculate the greatest common divisor of 12 and w.
12
Suppose -2*t = -107 - 55. Suppose 0 = -j, 2*j + 26 + 16 = 2*o. Let p = t - o. Calculate the greatest common divisor of p and 36.
12
Suppose -4*o = -2*f + 136 - 110, 2*f - 2*o = 24. What is the highest common divisor of 5181 and f?
11
Suppose -3*u - 31 = -d, -5*d = 2*u + 10 + 5. Let z(l) = l + 4. Let b be z(u). Let m be (-2 - 20)*b/6. What is the greatest common factor of 110 and m?
22
Let a be ((-21)/((-63)/(-60)))/(4/(-2)). Suppose -13*h + a = -42. Suppose 2*k = -4*n + 60, 0*k - 2*k + 65 = -n. Calculate the highest common factor of h and k.
4
Suppose -612*g + 610*g - 12 = 0, -23 = -o + 3*g. What is the greatest common divisor of 14255 and o?
5
Suppose 6*q = -h + 2*q + 2, 2*q = 0. Let y = h + 68. Let n(t) = t**2 - 2*t + 4. Let w be n(-4). Calculate the greatest common factor of w and y.
14
Let v(j) be the second derivative of 5*j**4/12 + 5*j**3/3 + 25*j**2/2 + 20*j. Let r be v(-4). What is the highest common factor of 26 and r?
13
Let j be (-6 - (-32)/4)/((-2)/(-462)). Suppose 110 = -11*v + j. Calculate the greatest common factor of v and 176.
16
Let z = -319 + 323. What is the highest common divisor of z and 412?
4
Let p(q) = -q + 37. Let o be p(23). Suppose 0 = -2*l - 5*l + o. Let k = 19 - l. Calculate the highest common divisor of 153 and k.
17
Let m be 29*(3 + -7 - -2). Let h = m - -86. What is the highest common divisor of 112 and h?
28
Suppose -4*o - 228 = -4*x, 5*o + 4*x = 3*x - 315. Let j = 146 + o. Calculate the highest common divisor of 476 and j.
28
Let y(b) = 26*b**3 + 8*b**2 - 20*b + 44. Let j be y(4). Suppose -5*n - j = -c, 5*c - 2*n = 5316 + 3441. Calculate the highest common divisor of 17 and c.
17
Let j(x) = -91 + 7*x - 4*x**2 + 113 + 5*x**2. Let q be j(5). What is the highest common factor of 2 and q?
2
Let k be -1 - (-3661 - -2) - 2240/(-280). Calculate the greatest common factor of k and 1692.
282
Suppose -186*o + 50*o + 26635 = -41909. Calculate the greatest common factor of o and 1197.
63
Let p = 45278 + -33340. Calculate the highest common divisor of p and 254.
254
Suppose x = 5*x - 8. Suppose -3*s - 3 = -3*q, 5*q + 2*s - 23 = -x*s. Suppose -96 = -q*f - 45. What is the greatest common factor of 187 and f?
17
Let o(p) = 3*p**2 + 3*p. Let a be o(5). Let s be 54/2*6 - (0 + (-48)/16). What is the highest common factor of a and s?
15
Let p be (12/(-15))/(9/5 + -2). Suppose -o - p*o = -25, t + 5*o = 169. Let f be (891/63 + -9)*7/2. What is the greatest common divisor of f and t?
18
Let n(h) = 56*h**2 + 33*h + 7. Let g be n(-5). Calculate the highest common divisor of 46 and g.
46
Let z be -2119*(-24 + 10 - -10). What is the highest common factor of 52 and z?
52
Let q = 6 + -4. Suppose -16 = -q*y - 0*y. Let j be 9/6 - (-3)/(-6). What is the greatest common factor of y and j?
1
Suppose 0 = 2*f - 5*m - 108, 10*m + 54 = f + 6*m. Calculate the highest common divisor of 1350 and f.
54
Let t be 10/(-6) - -2 - (-503)/3. Let p(c) = 105*c**2 + 26*c - 26. Let r be p(1). What is the highest common factor of r and t?
21
Suppose 0 = 26*p - 6*p - 5180. Let n be -3*26/(-1)*p/37. Calculate the highest common divisor of 28 and n.
14
Suppose 5*p + 12 = -p. Let z = 25 + p. Let r(g) = g + 207. Let f be r(0). What is the highest common divisor of f and z?
23
Suppose 0 = 4*g + 5*c - 962, 3*g + 3*c - 275 = 445. Calculate the greatest common factor of g and 378.
14
Let p(h) = -42*h - 1736. Let a be p(-42). What is the highest common divisor of 15316 and a?
28
Let s be 507*(15 + (-220)/15). Calculate the greatest common factor of 10985 and s.
169
Let c = 1069 + -1056. Calculate the greatest common factor of 3432 and c.
13
Suppose 32 = -3*f + c + 153, -2*f + 2*c = -74. Suppose 0 = -f*y + 45*y - 333. What is the highest common divisor of y and 185?
37
Let s = -35 + 37. Suppose -s*f = 5*f - 112. Suppose -5*u + f = -u. Calculate the greatest common divisor of u and 12.
4
Suppose -28*q - 28*q + 41411 = -32509. Calculate the greatest common factor of 495 and q.
165
Let a = -16526 + 16586. Calculate the greatest common factor of a and 4380.
60